07 and 11?
11
Calculate the greatest common divisor of 80 and 1340.
20
Calculate the greatest common factor of 318 and 212.
106
Calculate the highest common divisor of 49 and 7.
7
What is the greatest common divisor of 2115 and 6?
3
What is the highest common divisor of 7 and 4?
1
What is the greatest common factor of 6 and 27054?
6
Calculate the greatest common divisor of 39 and 15.
3
What is the highest common divisor of 20445 and 58?
29
Calculate the highest common divisor of 5405 and 188.
47
What is the highest common factor of 93 and 124?
31
What is the greatest common factor of 50 and 2?
2
What is the highest common divisor of 77 and 1243?
11
Calculate the highest common divisor of 2259 and 2008.
251
Calculate the highest common divisor of 558 and 18.
18
What is the highest common divisor of 176 and 3208?
8
What is the greatest common divisor of 64 and 464?
16
What is the highest common factor of 72 and 90?
18
What is the greatest common factor of 86 and 946?
86
What is the greatest common divisor of 33 and 10659?
33
Calculate the greatest common divisor of 10 and 130.
10
Calculate the greatest common factor of 4245 and 30.
15
Calculate the highest common divisor of 146459 and 167.
167
What is the highest common factor of 60 and 894?
6
What is the highest common factor of 28 and 12096?
28
Calculate the highest common divisor of 125 and 3175.
25
What is the greatest common factor of 50 and 325?
25
Calculate the greatest common factor of 155 and 217.
31
Calculate the greatest common divisor of 28 and 3346.
14
What is the highest common factor of 119 and 136?
17
What is the highest common factor of 44 and 17864?
44
What is the greatest common factor of 54 and 162?
54
What is the highest common factor of 24 and 512?
8
Calculate the highest common factor of 8 and 284.
4
What is the highest common factor of 240 and 310?
10
Calculate the greatest common divisor of 20 and 36.
4
Calculate the greatest common divisor of 63 and 6.
3
Calculate the greatest common divisor of 198 and 264.
66
Calculate the greatest common divisor of 688 and 28.
4
What is the greatest common divisor of 1073 and 899?
29
Calculate the highest common divisor of 15 and 790.
5
Calculate the greatest common factor of 16914 and 12.
6
Calculate the greatest common factor of 80 and 190.
10
Calculate the greatest common factor of 195 and 156.
39
What is the greatest common divisor of 40 and 70?
10
Calculate the greatest common divisor of 210 and 41685.
105
What is the highest common divisor of 38 and 10?
2
What is the highest common divisor of 365 and 10?
5
What is the greatest common factor of 12 and 2106?
6
Calculate the greatest common divisor of 21 and 273.
21
Calculate the greatest common divisor of 4432 and 16.
16
What is the highest common divisor of 249 and 166?
83
Calculate the greatest common factor of 760 and 1216.
152
Calculate the greatest common factor of 48 and 444.
12
What is the greatest common factor of 14105 and 465?
155
Calculate the highest common factor of 1475 and 59.
59
Calculate the highest common divisor of 25 and 35.
5
Calculate the greatest common divisor of 455 and 65.
65
Calculate the greatest common factor of 2268 and 17496.
324
What is the greatest common divisor of 703 and 111?
37
What is the greatest common divisor of 394 and 12017?
197
What is the greatest common divisor of 1440 and 45?
45
What is the highest common divisor of 22163 and 148?
37
Calculate the greatest common factor of 55 and 185.
5
Calculate the highest common factor of 75 and 100.
25
What is the highest common factor of 240 and 405?
15
Calculate the greatest common divisor of 10329 and 165.
33
What is the highest common divisor of 80 and 340?
20
Calculate the greatest common divisor of 480 and 10.
10
Calculate the highest common factor of 175 and 50.
25
Calculate the highest common factor of 320 and 120.
40
Calculate the highest common factor of 30 and 310.
10
Calculate the greatest common divisor of 1310 and 10.
10
What is the greatest common divisor of 19 and 15352?
19
Calculate the greatest common factor of 81 and 1.
1
Calculate the highest common factor of 946 and 22.
22
What is the greatest common factor of 560 and 784?
112
What is the greatest common divisor of 30 and 42?
6
Calculate the highest common divisor of 84 and 308.
28
Calculate the greatest common divisor of 336 and 48.
48
Calculate the highest common factor of 29 and 145.
29
What is the greatest common factor of 153 and 1717?
17
Calculate the greatest common factor of 44467 and 53.
53
What is the greatest common divisor of 38 and 608?
38
What is the greatest common factor of 195 and 60?
15
What is the greatest common divisor of 7203 and 63?
21
Calculate the highest common factor of 592 and 962.
74
What is the greatest common factor of 68 and 8?
4
What is the highest common divisor of 304 and 437?
19
Calculate the greatest common divisor of 5586 and 76.
38
What is the highest common factor of 3550 and 30?
10
What is the highest common divisor of 258 and 2494?
86
What is the highest common factor of 51 and 4?
1
Calculate the highest common divisor of 266 and 76.
38
Calculate the highest common factor of 5244 and 2.
2
Calculate the greatest common factor of 2 and 374.
2
Calculate the highest common divisor of 17503 and 46.
23
Calculate the greatest common divisor of 14 and 91.
7
Calculate the highest common factor of 143 and 39.
13
Calculate the highest common divisor of 4 and 244.
4
Calculate the greatest common divisor of 20 and 596.
4
Calculate the highest common factor of 69 and 3657.
69
Calculate the greatest common divisor of 614 and 4.
2
Calculate the greatest common factor of 324 and 60.
12
Calculate the greatest common divisor of 15 and 22830.
15
What is the highest common factor of 32997 and 51?
51
What is the highest common divisor of 10241 and 1045?
209
What is the greatest common factor of 27 and 16875?
27
Calculate the highest common factor of 154 and 66.
22
What is the greatest common factor of 846 and 72?
18
What is the greatest common factor of 25 and 3850?
25
What is the greatest common divisor of 209 and 33?
11
Calculate the highest common factor of 437 and 228.
19
What is the highest common factor of 160 and 968?
8
What is the highest common divisor of 31 and 31?
31
Calculate the greatest common divisor of 432 and 48.
48
What is the highest common divisor of 39 and 1665?
3
Calculate the highest common factor of 39 and 871.
13
What is the greatest common factor of 30 and 90?
30
Calculate the highest common divisor of 209 and 275.
11
What is the greatest common divisor of 35 and 8015?
35
What is the highest common divisor of 979 and 89?
89
What is the greatest common divisor of 826 and 35?
7
What is the highest common divisor of 112 and 168?
56
What is the greatest common divisor of 105 and 2895?
15
What is the highest common divisor of 333 and 407?
37
What is the highest common divisor of 34 and 12461?
17
What is the greatest common factor of 4092 and 31?
31
What is the highest common divisor of 9 and 1161?
9
What is the highest common divisor of 17 and 7616?
17
What is the greatest common divisor of 1746 and 5432?
194
What is the highest common divisor of 5697 and 9?
9
What is the highest common divisor of 1690 and 26?
26
Calculate the greatest common factor of 3256 and 55.
11
Calculate the highest common factor of 2982 and 639.
213
What is the greatest common factor of 49 and 749?
7
Calculate the highest common factor of 896 and 14.
14
What is the greatest common divisor of 708 and 24?
12
Calculate the highest common factor of 2742 and 2.
2
What is the greatest common divisor of 302 and 302?
302
What is the highest common factor of 75 and 720?
15
What is the highest common divisor of 954 and 18?
18
Calculate the greatest common factor of 5 and 265.
5
What is the greatest common divisor of 17 and 16?
1
Calculate the greatest common factor of 45 and 35.
5
What is the highest common divisor of 648 and 24?
24
Calculate the greatest common divisor of 250 and 200.
50
Calculate the greatest common factor of 6102 and 162.
54
Calculate the greatest common divisor of 4008 and 96.
24
Calculate the greatest common divisor of 84 and 546.
42
What is the highest common divisor of 901 and 17?
17
What is t